{"id":991,"date":"2021-07-08T18:43:00","date_gmt":"2021-07-08T18:43:00","guid":{"rendered":"https:\/\/limamarket.com.ar\/home\/?post_type=product&#038;p=991"},"modified":"2025-01-10T22:18:52","modified_gmt":"2025-01-10T22:18:52","slug":"sahumerio-palo-santo-con-sandalo-sagrada-madre","status":"publish","type":"product","link":"https:\/\/limamarket.com.ar\/home\/producto\/sahumerio-palo-santo-con-sandalo-sagrada-madre\/","title":{"rendered":"Sahumerio Palo Santo con S\u00e1ndalo Sagrada Madre"},"content":{"rendered":"<ul class=\"unordered-list w-list-unstyled\" role=\"list\">\n<li class=\"list-item-2 _5\">\n<p class=\"paragraph-2\">Esta poderosa combinaci\u00f3n nos trae dos maderas Sagradas, Palo santo y S\u00e1ndalo. Este sahumerio nos brinda claridad mental, es un relajante natural, refuerza la memoria, es un afrodisiaco natural, reduce el estr\u00e9s, purifica el alma y neutraliza lo negativo por su gran poder.<\/p>\n<\/li>\n<li class=\"list-item t5\">\n<p class=\"paragraph\">Contenido Neto: 8 varillas Duraci\u00f3n extra Premium<br \/>\nComposici\u00f3n: Madera Palo Santo (Per\u00fa), S\u00e1ndalo (India), aglutinante natural.<\/p>\n<\/li>\n<\/ul>\n","protected":false},"excerpt":{"rendered":"<p>Esta poderosa combinaci\u00f3n nos trae dos maderas Sagradas, Palo santo y S\u00e1ndalo. Este sahumerio nos brinda claridad mental, es un relajante natural, refuerza la memoria, es un afrodisiaco natural, reduce el estr\u00e9s, purifica el alma y neutraliza lo negativo por su gran poder. Contenido Neto: 8 varillas Duraci\u00f3n extra Premium Composici\u00f3n: Madera Palo Santo (Per\u00fa), [&#8230;]\n","protected":false},"featured_media":992,"template":"","meta":{"_joinchat":[]},"product_cat":[621,1107],"product_tag":[278],"_links":{"self":[{"href":"https:\/\/limamarket.com.ar\/home\/wp-json\/wp\/v2\/product\/991"}],"collection":[{"href":"https:\/\/limamarket.com.ar\/home\/wp-json\/wp\/v2\/product"}],"about":[{"href":"https:\/\/limamarket.com.ar\/home\/wp-json\/wp\/v2\/types\/product"}],"wp:featuredmedia":[{"embeddable":true,"href":"https:\/\/limamarket.com.ar\/home\/wp-json\/wp\/v2\/media\/992"}],"wp:attachment":[{"href":"https:\/\/limamarket.com.ar\/home\/wp-json\/wp\/v2\/media?parent=991"}],"wp:term":[{"taxonomy":"product_cat","embeddable":true,"href":"https:\/\/limamarket.com.ar\/home\/wp-json\/wp\/v2\/product_cat?post=991"},{"taxonomy":"product_tag","embeddable":true,"href":"https:\/\/limamarket.com.ar\/home\/wp-json\/wp\/v2\/product_tag?post=991"}],"curies":[{"name":"wp","href":"https:\/\/api.w.org\/{rel}","templated":true}]}}