{"id":572,"date":"2021-06-04T17:03:34","date_gmt":"2021-06-04T17:03:34","guid":{"rendered":"https:\/\/limamarket.com.ar\/home\/?post_type=product&#038;p=572"},"modified":"2026-02-13T17:24:49","modified_gmt":"2026-02-13T17:24:49","slug":"alcohol-en-gel-5-l-seiq","status":"publish","type":"product","link":"https:\/\/limamarket.com.ar\/home\/producto\/alcohol-en-gel-5-l-seiq\/","title":{"rendered":"Alcohol en gel 5 L seiq"},"content":{"rendered":"<p>DESCRIPCION :<\/p>\n<p>GEL ALCOH\u00d3LICO SEIQ 5 LITROS<\/p>\n<p>-Antis\u00e9ptico, secado instant\u00e1neo.<br \/>\n-Para todos los rubros.<br \/>\n-Uso universal.<br \/>\n-Frotado de manos sin enjuague.<\/p>\n<p>Para una perfecta higiene de las manos. No contiene perfume ni olor. Uso externo. Cubrir toda la superficie de la piel de las manos y antebrazos, incluyendo el espacio entre los dedos y las yemas de los mismos y friccionar entre 10 y 20 segundos. Bactericida y viricida instant\u00e1neo de alto espectro, sin acci\u00f3n terap\u00e9utica, que elimina de las manos y antebrazos los g\u00e9rmenes mas comunes causantes de enfermedades. Ayuda a reducir el riesgo de infecciones. Complementa el lavado de manos rutinario. Pr\u00e1ctico y conveniente: no requiere enjuague ni secado. Protege y suaviza la piel con emolientes e hidrantes.<\/p>\n<p>Informaci\u00f3n adicional<\/p>\n<p>COMPOSICION: ALCOHOL AL 70%, CARBOPOL, GLICERINA, TRIETANOLAMINA.<br \/>\nPRODUCTO APROBADO POR ANMAT.<\/p>\n","protected":false},"excerpt":{"rendered":"<p>DESCRIPCION : GEL ALCOH\u00d3LICO SEIQ 5 LITROS -Antis\u00e9ptico, secado instant\u00e1neo. -Para todos los rubros. -Uso universal. -Frotado de manos sin enjuague. Para una perfecta higiene de las manos. No contiene perfume ni olor. Uso externo. Cubrir toda la superficie de la piel de las manos y antebrazos, incluyendo el espacio entre los dedos y las [&#8230;]\n","protected":false},"featured_media":573,"template":"","meta":{"_joinchat":[]},"product_cat":[62,33],"product_tag":[179],"_links":{"self":[{"href":"https:\/\/limamarket.com.ar\/home\/wp-json\/wp\/v2\/product\/572"}],"collection":[{"href":"https:\/\/limamarket.com.ar\/home\/wp-json\/wp\/v2\/product"}],"about":[{"href":"https:\/\/limamarket.com.ar\/home\/wp-json\/wp\/v2\/types\/product"}],"wp:featuredmedia":[{"embeddable":true,"href":"https:\/\/limamarket.com.ar\/home\/wp-json\/wp\/v2\/media\/573"}],"wp:attachment":[{"href":"https:\/\/limamarket.com.ar\/home\/wp-json\/wp\/v2\/media?parent=572"}],"wp:term":[{"taxonomy":"product_cat","embeddable":true,"href":"https:\/\/limamarket.com.ar\/home\/wp-json\/wp\/v2\/product_cat?post=572"},{"taxonomy":"product_tag","embeddable":true,"href":"https:\/\/limamarket.com.ar\/home\/wp-json\/wp\/v2\/product_tag?post=572"}],"curies":[{"name":"wp","href":"https:\/\/api.w.org\/{rel}","templated":true}]}}