{"id":5008,"date":"2024-11-11T17:39:18","date_gmt":"2024-11-11T17:39:18","guid":{"rendered":"https:\/\/limamarket.com.ar\/home\/?post_type=product&#038;p=5008"},"modified":"2025-10-09T21:00:43","modified_gmt":"2025-10-09T21:00:43","slug":"rodillo-quita-pelusa-pelos-2-repuesto-excelente-calidad","status":"publish","type":"product","link":"https:\/\/limamarket.com.ar\/home\/producto\/rodillo-quita-pelusa-pelos-2-repuesto-excelente-calidad\/","title":{"rendered":"Rodillo Quita Pelusa Pelos +2 Repuesto Excelente Calidad"},"content":{"rendered":"<h2 class=\"ui-pdp-description__title\">Descripci\u00f3n<\/h2>\n<p class=\"ui-pdp-description__content\">Pack de 3 rodillos con adhesivo para quitar las pelusas y los pelos de animales de la ropa principalmente.<\/p>\n<p>Los dise\u00f1os y colores del exterior del rodillo son al Azar.<\/p>\n<p>-ALTA CALIDAD DEL MANGO!<br \/>\n-Ideal para las personas con mascotas!<br \/>\n-Funcional y c\u00f3modo a la mano!<br \/>\n-Material amistoso con la naturaleza!<\/p>\n<p>hecho de materiales biodegradables. Respetando el medio ambiente y de alta calidad, duradero y resistente a la corrosi\u00f3n. Con una fuerte adherencia, se puede utilizar para limpiar sof\u00e1s, ropa de cama, pelo de mascotas, polvo y suciedad, y limpiar el interior del coche. Puede eliminar la pelusa, el polvo, el pelo de mascotas, etc. en su ropa para que su ropa sea brillante como nueva. Con papel antiadherente a prueba de polvo, anti suciedad, con agujero para colgar en la parte trasera, almacenamiento conveniente, adecuado para uso dom\u00e9stico.<\/p>\n<p>Equipado con mango c\u00f3modo, ergon\u00f3mico, agarre c\u00f3modo, ahorro de esfuerzo y eficiente. Especificaciones: condici\u00f3n: 100% Tipo: Quita pelusa. Material: pl\u00e1stico, adhesivo. Caracter\u00edsticas: pelo, polvo, etc.<\/p>\n<p>Aplicaci\u00f3n: pegar sof\u00e1s, ropa de cama, pelo de mascotas, polvo y escombros, limpieza en el interior del coche, etc.<\/p>\n","protected":false},"excerpt":{"rendered":"<p>Descripci\u00f3n Pack de 3 rodillos con adhesivo para quitar las pelusas y los pelos de animales de la ropa principalmente. Los dise\u00f1os y colores del exterior del rodillo son al Azar. -ALTA CALIDAD DEL MANGO! -Ideal para las personas con mascotas! -Funcional y c\u00f3modo a la mano! -Material amistoso con la naturaleza! hecho de materiales [&#8230;]\n","protected":false},"featured_media":5009,"template":"","meta":{"_joinchat":[]},"product_cat":[956,53,1104,28],"product_tag":[1157],"_links":{"self":[{"href":"https:\/\/limamarket.com.ar\/home\/wp-json\/wp\/v2\/product\/5008"}],"collection":[{"href":"https:\/\/limamarket.com.ar\/home\/wp-json\/wp\/v2\/product"}],"about":[{"href":"https:\/\/limamarket.com.ar\/home\/wp-json\/wp\/v2\/types\/product"}],"wp:featuredmedia":[{"embeddable":true,"href":"https:\/\/limamarket.com.ar\/home\/wp-json\/wp\/v2\/media\/5009"}],"wp:attachment":[{"href":"https:\/\/limamarket.com.ar\/home\/wp-json\/wp\/v2\/media?parent=5008"}],"wp:term":[{"taxonomy":"product_cat","embeddable":true,"href":"https:\/\/limamarket.com.ar\/home\/wp-json\/wp\/v2\/product_cat?post=5008"},{"taxonomy":"product_tag","embeddable":true,"href":"https:\/\/limamarket.com.ar\/home\/wp-json\/wp\/v2\/product_tag?post=5008"}],"curies":[{"name":"wp","href":"https:\/\/api.w.org\/{rel}","templated":true}]}}