{"id":420,"date":"2021-06-03T14:44:19","date_gmt":"2021-06-03T14:44:19","guid":{"rendered":"https:\/\/limamarket.com.ar\/home\/?post_type=product&#038;p=420"},"modified":"2026-04-06T16:50:33","modified_gmt":"2026-04-06T16:50:33","slug":"limpiador-cremoso-sahning-seiq-5-litros","status":"publish","type":"product","link":"https:\/\/limamarket.com.ar\/home\/producto\/limpiador-cremoso-sahning-seiq-5-litros\/","title":{"rendered":"Limpiador Gel Multiuso Sahning 5 Litros"},"content":{"rendered":"<p>Descripci\u00f3n<\/p>\n<p>&nbsp;<\/p>\n<p>Limpiador en gel que por su exclusiva f\u00f3rmula garantiza la limpieza profunda en ba\u00f1os y cocinas. Remueve f\u00e1cilmente las manchas m\u00e1s rebeldes protegiendo las superficies por mucho m\u00e1s tiempo.<\/p>\n<p>&nbsp;<\/p>\n<p>Informaci\u00f3n adicional<\/p>\n<p>Es un limpiador liquido con tecnolog\u00eda de limpieza f\u00e1cil enjuague, sin dejar residuos. Con este producto, podr\u00e1s limpiar la cocina y el ba\u00f1o sin necesidad de un esfuerzo extra para enjuagar.<\/p>\n<p>MODO DE USO: Vierta el producto puro directamente sobre la superficie a limpiar, o bien sobre una esponja, pa\u00f1o o trapo rejilla previamente humedecido. Enjuagar con agua. No contiene minerales. No raya las superficies.<\/p>\n<p>Otras caracter\u00edsticas<\/p>\n<p>Superficies recomendadas: Mesada, Pl\u00e1stico, Madera<\/p>\n<p>\u00c1reas de limpieza recomendadas: Ba\u00f1o, Cocina, Oficina<\/p>\n<p>Es producto desinfectante: No<\/p>\n<p>Es inflamable: No<\/p>\n<p>PRESENTACI\u00d3N:<\/p>\n<p>Bid\u00f3n de 5 Lts.<\/p>\n<p>Productos similares: CIF en gel.<\/p>\n<p>&nbsp;<\/p>\n","protected":false},"excerpt":{"rendered":"<p>Descripci\u00f3n &nbsp; Limpiador en gel que por su exclusiva f\u00f3rmula garantiza la limpieza profunda en ba\u00f1os y cocinas. Remueve f\u00e1cilmente las manchas m\u00e1s rebeldes protegiendo las superficies por mucho m\u00e1s tiempo. &nbsp; Informaci\u00f3n adicional Es un limpiador liquido con tecnolog\u00eda de limpieza f\u00e1cil enjuague, sin dejar residuos. Con este producto, podr\u00e1s limpiar la cocina y [&#8230;]\n","protected":false},"featured_media":5465,"template":"","meta":{"_joinchat":[]},"product_cat":[49,250,26,30],"product_tag":[501,116],"_links":{"self":[{"href":"https:\/\/limamarket.com.ar\/home\/wp-json\/wp\/v2\/product\/420"}],"collection":[{"href":"https:\/\/limamarket.com.ar\/home\/wp-json\/wp\/v2\/product"}],"about":[{"href":"https:\/\/limamarket.com.ar\/home\/wp-json\/wp\/v2\/types\/product"}],"wp:featuredmedia":[{"embeddable":true,"href":"https:\/\/limamarket.com.ar\/home\/wp-json\/wp\/v2\/media\/5465"}],"wp:attachment":[{"href":"https:\/\/limamarket.com.ar\/home\/wp-json\/wp\/v2\/media?parent=420"}],"wp:term":[{"taxonomy":"product_cat","embeddable":true,"href":"https:\/\/limamarket.com.ar\/home\/wp-json\/wp\/v2\/product_cat?post=420"},{"taxonomy":"product_tag","embeddable":true,"href":"https:\/\/limamarket.com.ar\/home\/wp-json\/wp\/v2\/product_tag?post=420"}],"curies":[{"name":"wp","href":"https:\/\/api.w.org\/{rel}","templated":true}]}}