{"id":4102,"date":"2022-10-24T20:11:50","date_gmt":"2022-10-24T20:11:50","guid":{"rendered":"https:\/\/limamarket.com.ar\/home\/?post_type=product&#038;p=4102"},"modified":"2025-03-28T16:57:11","modified_gmt":"2025-03-28T16:57:11","slug":"jabon-espuma-maracuya-x-1-litro","status":"publish","type":"product","link":"https:\/\/limamarket.com.ar\/home\/producto\/jabon-espuma-maracuya-x-1-litro\/","title":{"rendered":"Jab\u00f3n ESPUMA Maracuya x 1 litro"},"content":{"rendered":"<p>Una l\u00ednea de vanguardia en jabones para manos y cuerpo! Gracias al dosificador este jab\u00f3n antibacterial sale en forma de espuma, facilitando su aplicaci\u00f3n y permitiendo un gran ahorro.<\/p>\n<h4>\u00bfQu\u00e9 es?<\/h4>\n<p>Una l\u00ednea de vanguardia en jabones para manos y cuerpo! Gracias al dosificador este jab\u00f3n antibacterial sale en forma de espuma, facilitando su aplicaci\u00f3n y permitiendo un gran ahorro.<\/p>\n<p>Colocar en una esponja o en las manos, la espuma ya est\u00e1 lista. Este producto es para usar exclusivamente en un dispenser de espuma. Enjuagar<\/p>\n","protected":false},"excerpt":{"rendered":"<p>Una l\u00ednea de vanguardia en jabones para manos y cuerpo! Gracias al dosificador este jab\u00f3n antibacterial sale en forma de espuma, facilitando su aplicaci\u00f3n y permitiendo un gran ahorro. \u00bfQu\u00e9 es? Una l\u00ednea de vanguardia en jabones para manos y cuerpo! Gracias al dosificador este jab\u00f3n antibacterial sale en forma de espuma, facilitando su aplicaci\u00f3n [&#8230;]\n","protected":false},"featured_media":4103,"template":"","meta":{"_joinchat":[]},"product_cat":[63,33],"product_tag":[921],"_links":{"self":[{"href":"https:\/\/limamarket.com.ar\/home\/wp-json\/wp\/v2\/product\/4102"}],"collection":[{"href":"https:\/\/limamarket.com.ar\/home\/wp-json\/wp\/v2\/product"}],"about":[{"href":"https:\/\/limamarket.com.ar\/home\/wp-json\/wp\/v2\/types\/product"}],"wp:featuredmedia":[{"embeddable":true,"href":"https:\/\/limamarket.com.ar\/home\/wp-json\/wp\/v2\/media\/4103"}],"wp:attachment":[{"href":"https:\/\/limamarket.com.ar\/home\/wp-json\/wp\/v2\/media?parent=4102"}],"wp:term":[{"taxonomy":"product_cat","embeddable":true,"href":"https:\/\/limamarket.com.ar\/home\/wp-json\/wp\/v2\/product_cat?post=4102"},{"taxonomy":"product_tag","embeddable":true,"href":"https:\/\/limamarket.com.ar\/home\/wp-json\/wp\/v2\/product_tag?post=4102"}],"curies":[{"name":"wp","href":"https:\/\/api.w.org\/{rel}","templated":true}]}}