{"id":3914,"date":"2022-08-26T15:39:12","date_gmt":"2022-08-26T15:39:12","guid":{"rendered":"https:\/\/limamarket.com.ar\/home\/?post_type=product&#038;p=3914"},"modified":"2026-04-07T17:17:30","modified_gmt":"2026-04-07T17:17:30","slug":"perfumante-para-telas-y-ambientes-peonias-x-550-ml","status":"publish","type":"product","link":"https:\/\/limamarket.com.ar\/home\/producto\/perfumante-para-telas-y-ambientes-peonias-x-550-ml\/","title":{"rendered":"Perfumante para Telas y Ambientes Peonias x 550 ml"},"content":{"rendered":"<p>UEVA L\u00cdNEA AMBAR El aroma c\u00e1lido y el color \u00e1mbar le dan al ambiente un toque elegante y casual, incluso en casa.<\/p>\n<p>Peonias: Delicadeza y elegancia diferencian a esta bell\u00edsima flor.<\/p>\n<p>Una composici\u00f3n floral y fresca de gran intensidad<\/p>\n<h4>\u00bfQu\u00e9 es?<\/h4>\n<p>Perfume para todo tipo de telas y ambientes.<\/p>\n<h4>\u00bfC\u00f3mo se usa?<\/h4>\n<p>Rociar sobre las telas y en ambientes. PRECAUCION PRODUCTO INFLAMABLE, NO PULVERIZAR SOBRE LLAMA. MANTENER ALEJADO DE FUENTES DE CALOR.<\/p>\n","protected":false},"excerpt":{"rendered":"<p>UEVA L\u00cdNEA AMBAR El aroma c\u00e1lido y el color \u00e1mbar le dan al ambiente un toque elegante y casual, incluso en casa. Peonias: Delicadeza y elegancia diferencian a esta bell\u00edsima flor. Una composici\u00f3n floral y fresca de gran intensidad \u00bfQu\u00e9 es? Perfume para todo tipo de telas y ambientes. \u00bfC\u00f3mo se usa? Rociar sobre las [&#8230;]\n","protected":false},"featured_media":3915,"template":"","meta":{"_joinchat":[]},"product_cat":[621,1144],"product_tag":[875],"_links":{"self":[{"href":"https:\/\/limamarket.com.ar\/home\/wp-json\/wp\/v2\/product\/3914"}],"collection":[{"href":"https:\/\/limamarket.com.ar\/home\/wp-json\/wp\/v2\/product"}],"about":[{"href":"https:\/\/limamarket.com.ar\/home\/wp-json\/wp\/v2\/types\/product"}],"wp:featuredmedia":[{"embeddable":true,"href":"https:\/\/limamarket.com.ar\/home\/wp-json\/wp\/v2\/media\/3915"}],"wp:attachment":[{"href":"https:\/\/limamarket.com.ar\/home\/wp-json\/wp\/v2\/media?parent=3914"}],"wp:term":[{"taxonomy":"product_cat","embeddable":true,"href":"https:\/\/limamarket.com.ar\/home\/wp-json\/wp\/v2\/product_cat?post=3914"},{"taxonomy":"product_tag","embeddable":true,"href":"https:\/\/limamarket.com.ar\/home\/wp-json\/wp\/v2\/product_tag?post=3914"}],"curies":[{"name":"wp","href":"https:\/\/api.w.org\/{rel}","templated":true}]}}