{"id":3713,"date":"2022-07-12T18:11:29","date_gmt":"2022-07-12T18:11:29","guid":{"rendered":"https:\/\/limamarket.com.ar\/home\/?post_type=product&#038;p=3713"},"modified":"2025-12-15T15:26:43","modified_gmt":"2025-12-15T15:26:43","slug":"chau-pis-concentrado-500-ml","status":"publish","type":"product","link":"https:\/\/limamarket.com.ar\/home\/producto\/chau-pis-concentrado-500-ml\/","title":{"rendered":"Chau Pis concentrado 500 ml"},"content":{"rendered":"<p class=\"ui-pdp-description__content\">Chau Pis\u00ae act\u00faa como limpiador, desodorizante y desinfectante de superficies, de pis de perros y gatos desarrollado a partir de limpiadores sanitizantes espec\u00edficos, d\u00e1ndole la particularidad de eliminar los restos de prote\u00edna de la orina y por ello evitando la redeposici\u00f3n posterior ya que la mascota no registra ese espacio como propio o terreno marcado.<\/p>\n<p>Chau Pis\u00ae es un producto que no tiene aroma espec\u00edfico con lo cual es apto para aplicar en interiores ya sea con trapo o baldeando.<\/p>\n<p>Chau Pis\u00ae esta formulado para neutralizar olores con lo cual en lugares espec\u00edficos o donde el animal tiene un olor muy fuerte en la orina, neutraliza el olor y remueve los restos de la misma.<\/p>\n<p>Chau Pis\u00ae, en las proporciones indiciadas, es apto para aplicar en pisos de interior como cocinas, comedor o living, patios, garage y terrazas. No es inflamable.<\/p>\n<p>Presentaci\u00f3n: Botella 500ml, producto concentrado.<\/p>\n<p>Modo de uso: 3 tapas por cada litro de agua<\/p>\n","protected":false},"excerpt":{"rendered":"<p>Chau Pis\u00ae act\u00faa como limpiador, desodorizante y desinfectante de superficies, de pis de perros y gatos desarrollado a partir de limpiadores sanitizantes espec\u00edficos, d\u00e1ndole la particularidad de eliminar los restos de prote\u00edna de la orina y por ello evitando la redeposici\u00f3n posterior ya que la mascota no registra ese espacio como propio o terreno marcado. [&#8230;]\n","protected":false},"featured_media":3714,"template":"","meta":{"_joinchat":[]},"product_cat":[16],"product_tag":[840],"_links":{"self":[{"href":"https:\/\/limamarket.com.ar\/home\/wp-json\/wp\/v2\/product\/3713"}],"collection":[{"href":"https:\/\/limamarket.com.ar\/home\/wp-json\/wp\/v2\/product"}],"about":[{"href":"https:\/\/limamarket.com.ar\/home\/wp-json\/wp\/v2\/types\/product"}],"wp:featuredmedia":[{"embeddable":true,"href":"https:\/\/limamarket.com.ar\/home\/wp-json\/wp\/v2\/media\/3714"}],"wp:attachment":[{"href":"https:\/\/limamarket.com.ar\/home\/wp-json\/wp\/v2\/media?parent=3713"}],"wp:term":[{"taxonomy":"product_cat","embeddable":true,"href":"https:\/\/limamarket.com.ar\/home\/wp-json\/wp\/v2\/product_cat?post=3713"},{"taxonomy":"product_tag","embeddable":true,"href":"https:\/\/limamarket.com.ar\/home\/wp-json\/wp\/v2\/product_tag?post=3713"}],"curies":[{"name":"wp","href":"https:\/\/api.w.org\/{rel}","templated":true}]}}