{"id":3102,"date":"2022-03-22T20:39:50","date_gmt":"2022-03-22T20:39:50","guid":{"rendered":"https:\/\/limamarket.com.ar\/home\/?post_type=product&#038;p=3102"},"modified":"2024-11-08T16:11:48","modified_gmt":"2024-11-08T16:11:48","slug":"perlas-aromaticas-sagrada-madre","status":"publish","type":"product","link":"https:\/\/limamarket.com.ar\/home\/producto\/perlas-aromaticas-sagrada-madre\/","title":{"rendered":"Perlas Arom\u00e1ticas Sagrada Madre"},"content":{"rendered":"<p>Perlas Arom\u00e1ticas Sagrada Madre<\/p>\n<p>Cantidad: 1 Cajita<\/p>\n<p>Aromas disponibles:<\/p>\n<p>&#8211; Rosas<\/p>\n<p>&#8211; Coco<\/p>\n<p>&#8211; Jazm\u00edn<\/p>\n<p>&#8211; Vainilla<\/p>\n<p>&#8211; Reina de la noche<\/p>\n<p>USOS:<\/p>\n<p>&#8211; SE PUEDE USAR COMO ESENCIA S\u00d3LIDA<br \/>\n&#8211; PARA HORNILLO CON O SIN AGUA<br \/>\n&#8211; COMO AROMATIZANTE DE PLACARD<br \/>\n&#8211; COMO RESINA PARA SAHUMAR COLOCANDO LAS PERLAS ARRIBA DEL CARB\u00d3N DEL SAHUMADO.<\/p>\n","protected":false},"excerpt":{"rendered":"<p>Perlas Arom\u00e1ticas Sagrada Madre Cantidad: 1 Cajita Aromas disponibles: &#8211; Rosas &#8211; Coco &#8211; Jazm\u00edn &#8211; Vainilla &#8211; Reina de la noche USOS: &#8211; SE PUEDE USAR COMO ESENCIA S\u00d3LIDA &#8211; PARA HORNILLO CON O SIN AGUA &#8211; COMO AROMATIZANTE DE PLACARD &#8211; COMO RESINA PARA SAHUMAR COLOCANDO LAS PERLAS ARRIBA DEL CARB\u00d3N DEL SAHUMADO.<\/p>\n","protected":false},"featured_media":3113,"template":"","meta":{"_joinchat":[]},"product_cat":[621,1107],"product_tag":[700],"_links":{"self":[{"href":"https:\/\/limamarket.com.ar\/home\/wp-json\/wp\/v2\/product\/3102"}],"collection":[{"href":"https:\/\/limamarket.com.ar\/home\/wp-json\/wp\/v2\/product"}],"about":[{"href":"https:\/\/limamarket.com.ar\/home\/wp-json\/wp\/v2\/types\/product"}],"wp:featuredmedia":[{"embeddable":true,"href":"https:\/\/limamarket.com.ar\/home\/wp-json\/wp\/v2\/media\/3113"}],"wp:attachment":[{"href":"https:\/\/limamarket.com.ar\/home\/wp-json\/wp\/v2\/media?parent=3102"}],"wp:term":[{"taxonomy":"product_cat","embeddable":true,"href":"https:\/\/limamarket.com.ar\/home\/wp-json\/wp\/v2\/product_cat?post=3102"},{"taxonomy":"product_tag","embeddable":true,"href":"https:\/\/limamarket.com.ar\/home\/wp-json\/wp\/v2\/product_tag?post=3102"}],"curies":[{"name":"wp","href":"https:\/\/api.w.org\/{rel}","templated":true}]}}