{"id":2608,"date":"2021-12-30T15:01:33","date_gmt":"2021-12-30T15:01:33","guid":{"rendered":"https:\/\/limamarket.com.ar\/home\/?post_type=product&#038;p=2608"},"modified":"2025-05-09T17:46:14","modified_gmt":"2025-05-09T17:46:14","slug":"silicona-en-gel-x-1-lt-fraccionado","status":"publish","type":"product","link":"https:\/\/limamarket.com.ar\/home\/producto\/silicona-en-gel-x-1-lt-fraccionado\/","title":{"rendered":"Silicona en gel x 1 lt fraccionado"},"content":{"rendered":"<p>REVIVIDOR PARA INTERIORES EN CREMA<\/p>\n<p>Descripci\u00f3n:<\/p>\n<p>Abrillanta y protege las superficies tratadas, evita la acumulaci\u00f3n de polvo<br \/>\nfacilitando la limpieza diaria.<\/p>\n<p>Informaci\u00f3n adicional:<\/p>\n<p>Presentaci\u00f3n: 1 litro fraccionado<\/p>\n<p>Modo de uso:<br \/>\n\u2013 Se aplica con un pa\u00f1o sobre la superficie limpia extendiendo la crema sobre la<br \/>\nmisma, luego frote con gamuza hasta obtener el brillo deseado. Elimina el<br \/>\npolvo y la suciedad adherida sobre los pl\u00e1sticos, cueros y otras superficies<br \/>\nlavables del interior del veh\u00edculo dej\u00e1ndolos totalmente limpios y con aspecto<br \/>\nde nuevo. No deteriora la pintura, gomas, cromados, pl\u00e1sticos.<\/p>\n","protected":false},"excerpt":{"rendered":"<p>REVIVIDOR PARA INTERIORES EN CREMA Descripci\u00f3n: Abrillanta y protege las superficies tratadas, evita la acumulaci\u00f3n de polvo facilitando la limpieza diaria. Informaci\u00f3n adicional: Presentaci\u00f3n: 1 litro fraccionado Modo de uso: \u2013 Se aplica con un pa\u00f1o sobre la superficie limpia extendiendo la crema sobre la misma, luego frote con gamuza hasta obtener el brillo deseado. [&#8230;]\n","protected":false},"featured_media":4613,"template":"","meta":{"_joinchat":[]},"product_cat":[32],"product_tag":[582,583],"_links":{"self":[{"href":"https:\/\/limamarket.com.ar\/home\/wp-json\/wp\/v2\/product\/2608"}],"collection":[{"href":"https:\/\/limamarket.com.ar\/home\/wp-json\/wp\/v2\/product"}],"about":[{"href":"https:\/\/limamarket.com.ar\/home\/wp-json\/wp\/v2\/types\/product"}],"wp:featuredmedia":[{"embeddable":true,"href":"https:\/\/limamarket.com.ar\/home\/wp-json\/wp\/v2\/media\/4613"}],"wp:attachment":[{"href":"https:\/\/limamarket.com.ar\/home\/wp-json\/wp\/v2\/media?parent=2608"}],"wp:term":[{"taxonomy":"product_cat","embeddable":true,"href":"https:\/\/limamarket.com.ar\/home\/wp-json\/wp\/v2\/product_cat?post=2608"},{"taxonomy":"product_tag","embeddable":true,"href":"https:\/\/limamarket.com.ar\/home\/wp-json\/wp\/v2\/product_tag?post=2608"}],"curies":[{"name":"wp","href":"https:\/\/api.w.org\/{rel}","templated":true}]}}