{"id":2414,"date":"2021-12-27T18:24:22","date_gmt":"2021-12-27T18:24:22","guid":{"rendered":"https:\/\/limamarket.com.ar\/home\/?post_type=product&#038;p=2414"},"modified":"2026-01-27T20:09:13","modified_gmt":"2026-01-27T20:09:13","slug":"cepillo-de-unas-por-2-unidades","status":"publish","type":"product","link":"https:\/\/limamarket.com.ar\/home\/producto\/cepillo-de-unas-por-2-unidades\/","title":{"rendered":"cepillo de u\u00f1as por 2 unidades"},"content":{"rendered":"<h1 class=\"product-title-text\" data-spm-anchor-id=\"a2g0o.detail.1000016.i1.5d966ab7sKMSGd\">Cepillo para u\u00f1as con mango de pl\u00e1stico de 2 Uds. Limpiador de u\u00f1as, herramientas de pedicura. Colores mixtos: rosa\/verde\/azul\/ naranja<\/h1>\n","protected":false},"excerpt":{"rendered":"<p>Cepillo para u\u00f1as con mango de pl\u00e1stico de 2 Uds. Limpiador de u\u00f1as, herramientas de pedicura. Colores mixtos: rosa\/verde\/azul\/ naranja<\/p>\n","protected":false},"featured_media":2415,"template":"","meta":{"_joinchat":[]},"product_cat":[438,33],"product_tag":[509],"_links":{"self":[{"href":"https:\/\/limamarket.com.ar\/home\/wp-json\/wp\/v2\/product\/2414"}],"collection":[{"href":"https:\/\/limamarket.com.ar\/home\/wp-json\/wp\/v2\/product"}],"about":[{"href":"https:\/\/limamarket.com.ar\/home\/wp-json\/wp\/v2\/types\/product"}],"wp:featuredmedia":[{"embeddable":true,"href":"https:\/\/limamarket.com.ar\/home\/wp-json\/wp\/v2\/media\/2415"}],"wp:attachment":[{"href":"https:\/\/limamarket.com.ar\/home\/wp-json\/wp\/v2\/media?parent=2414"}],"wp:term":[{"taxonomy":"product_cat","embeddable":true,"href":"https:\/\/limamarket.com.ar\/home\/wp-json\/wp\/v2\/product_cat?post=2414"},{"taxonomy":"product_tag","embeddable":true,"href":"https:\/\/limamarket.com.ar\/home\/wp-json\/wp\/v2\/product_tag?post=2414"}],"curies":[{"name":"wp","href":"https:\/\/api.w.org\/{rel}","templated":true}]}}