{"id":1981,"date":"2021-08-24T02:38:01","date_gmt":"2021-08-24T02:38:01","guid":{"rendered":"https:\/\/limamarket.com.ar\/home\/?post_type=product&#038;p=1981"},"modified":"2022-04-14T18:51:19","modified_gmt":"2022-04-14T18:51:19","slug":"cubiertero-plastico-5-compartimientos-organizador-cubiertos","status":"publish","type":"product","link":"https:\/\/limamarket.com.ar\/home\/producto\/cubiertero-plastico-5-compartimientos-organizador-cubiertos\/","title":{"rendered":"Cubiertero pl\u00e1stico 5 compartimientos organizador cubiertos"},"content":{"rendered":"<p>Accesorio muy pr\u00e1ctico ordena sus cubiertos y utensilios en la cocina<\/p>\n<p>Descripci\u00f3n:<br \/>\n&#8211; Cubiertero Organizador de PVC transparente<br \/>\n&#8211; Medidas: 33,5 cm X 26,5 cm X 5 cm<br \/>\n&#8211; Pl\u00e1stico Reforzado<br \/>\n&#8211; Cantidad de Divisiones: 5<\/p>\n","protected":false},"excerpt":{"rendered":"<p>Accesorio muy pr\u00e1ctico ordena sus cubiertos y utensilios en la cocina Descripci\u00f3n: &#8211; Cubiertero Organizador de PVC transparente &#8211; Medidas: 33,5 cm X 26,5 cm X 5 cm &#8211; Pl\u00e1stico Reforzado &#8211; Cantidad de Divisiones: 5<\/p>\n","protected":false},"featured_media":1982,"template":"","meta":{"_joinchat":[]},"product_cat":[25],"product_tag":[472],"_links":{"self":[{"href":"https:\/\/limamarket.com.ar\/home\/wp-json\/wp\/v2\/product\/1981"}],"collection":[{"href":"https:\/\/limamarket.com.ar\/home\/wp-json\/wp\/v2\/product"}],"about":[{"href":"https:\/\/limamarket.com.ar\/home\/wp-json\/wp\/v2\/types\/product"}],"wp:featuredmedia":[{"embeddable":true,"href":"https:\/\/limamarket.com.ar\/home\/wp-json\/wp\/v2\/media\/1982"}],"wp:attachment":[{"href":"https:\/\/limamarket.com.ar\/home\/wp-json\/wp\/v2\/media?parent=1981"}],"wp:term":[{"taxonomy":"product_cat","embeddable":true,"href":"https:\/\/limamarket.com.ar\/home\/wp-json\/wp\/v2\/product_cat?post=1981"},{"taxonomy":"product_tag","embeddable":true,"href":"https:\/\/limamarket.com.ar\/home\/wp-json\/wp\/v2\/product_tag?post=1981"}],"curies":[{"name":"wp","href":"https:\/\/api.w.org\/{rel}","templated":true}]}}