{"id":1721,"date":"2021-08-21T18:52:50","date_gmt":"2021-08-21T18:52:50","guid":{"rendered":"https:\/\/limamarket.com.ar\/home\/?post_type=product&#038;p=1721"},"modified":"2023-05-02T15:23:11","modified_gmt":"2023-05-02T15:23:11","slug":"soporte-chupete-sopapa-mil-usos-pastel-pack-por-6-unidades","status":"publish","type":"product","link":"https:\/\/limamarket.com.ar\/home\/producto\/soporte-chupete-sopapa-mil-usos-pastel-pack-por-6-unidades\/","title":{"rendered":"Soporte chupete sopapa mil usos pastel pack por 6 unidades"},"content":{"rendered":"<p>Soporte chupete sopapa mil usos pastel pack por 6 unidades.<\/p>\n<p>* Accesorio s\u00faper \u00fatil para mucho m\u00e1s de lo que imaginas.<br \/>\n* Original y econ\u00f3mico producto para tu hogar.<br \/>\n* IDEAS: para colgar toallas, colocar biromes, fijar soportes entre paredes, sostener tu celular, cables, anti stress, y much\u00edsimas cosas m\u00e1s.-<\/p>\n<p>Material: Silicona<\/p>\n<p>Mix Colores Pasteles: Rosa, celeste, verde agua, amarillo y lila.<\/p>\n<p>Medidas: 4 cm x 3 cm<br \/>\n-.-.-.-.-.-.-.-.-.-.-.-.-.-.-.-.-.-.-.-.-.-.-.-.-.-.-.-.-.-.-.-<\/p>\n","protected":false},"excerpt":{"rendered":"<p>Soporte chupete sopapa mil usos pastel pack por 6 unidades. * Accesorio s\u00faper \u00fatil para mucho m\u00e1s de lo que imaginas. * Original y econ\u00f3mico producto para tu hogar. * IDEAS: para colgar toallas, colocar biromes, fijar soportes entre paredes, sostener tu celular, cables, anti stress, y much\u00edsimas cosas m\u00e1s.- Material: Silicona Mix Colores Pasteles: [&#8230;]\n","protected":false},"featured_media":1722,"template":"","meta":{"_joinchat":[]},"product_cat":[956],"product_tag":[431,432],"_links":{"self":[{"href":"https:\/\/limamarket.com.ar\/home\/wp-json\/wp\/v2\/product\/1721"}],"collection":[{"href":"https:\/\/limamarket.com.ar\/home\/wp-json\/wp\/v2\/product"}],"about":[{"href":"https:\/\/limamarket.com.ar\/home\/wp-json\/wp\/v2\/types\/product"}],"wp:featuredmedia":[{"embeddable":true,"href":"https:\/\/limamarket.com.ar\/home\/wp-json\/wp\/v2\/media\/1722"}],"wp:attachment":[{"href":"https:\/\/limamarket.com.ar\/home\/wp-json\/wp\/v2\/media?parent=1721"}],"wp:term":[{"taxonomy":"product_cat","embeddable":true,"href":"https:\/\/limamarket.com.ar\/home\/wp-json\/wp\/v2\/product_cat?post=1721"},{"taxonomy":"product_tag","embeddable":true,"href":"https:\/\/limamarket.com.ar\/home\/wp-json\/wp\/v2\/product_tag?post=1721"}],"curies":[{"name":"wp","href":"https:\/\/api.w.org\/{rel}","templated":true}]}}